Nov 30 20:40:42.948 INFO testing witheve/eve-native against master#8940af3cea4a9a9deabcaf843b2f8cad9a83fc61 for beta-1.31-5
Nov 30 20:40:42.948 INFO running `"docker" "create" "-v" "/mnt/big/crater/work/local/target-dirs/beta-1.31-5/worker-0/master#8940af3cea4a9a9deabcaf843b2f8cad9a83fc61:/target:rw,Z" "-v" "/mnt/big/crater/work/local/test-source/worker-0/beta-1.31-5/master#8940af3cea4a9a9deabcaf843b2f8cad9a83fc61:/source:ro,Z" "-v" "/mnt/big/crater/work/local/cargo-home:/cargo-home:ro,Z" "-v" "/mnt/big/crater/work/local/rustup-home:/rustup-home:ro,Z" "-e" "USER_ID=1000" "-e" "SOURCE_DIR=/source" "-e" "USER_ID=1000" "-e" "CMD=cargo +8940af3cea4a9a9deabcaf843b2f8cad9a83fc61-alt build --frozen" "-e" "CARGO_TARGET_DIR=/target" "-e" "CARGO_INCREMENTAL=0" "-e" "RUST_BACKTRACE=full" "-e" "RUSTFLAGS=--cap-lints=warn" "-e" "CARGO_HOME=/cargo-home" "-e" "RUSTUP_HOME=/rustup-home" "-m" "1536M" "--network" "none" "crater"`
Nov 30 20:40:43.387 INFO [stdout] c35f20657f955b2a7dd60eee91b039f0b0ed1fd527400fad88df8908a253d795
Nov 30 20:40:43.393 INFO running `"docker" "start" "-a" "c35f20657f955b2a7dd60eee91b039f0b0ed1fd527400fad88df8908a253d795"`
Nov 30 20:40:44.771 INFO [stderr] usermod: no changes
Nov 30 20:40:45.035 INFO [stderr]    Compiling num-traits v0.1.42
Nov 30 20:40:45.039 INFO [stderr]    Compiling bytes v0.3.0
Nov 30 20:40:45.039 INFO [stderr]    Compiling sequence_trie v0.2.1
Nov 30 20:40:45.043 INFO [stderr]    Compiling slab v0.1.3
Nov 30 20:40:45.043 INFO [stderr]    Compiling term v0.4.6
Nov 30 20:40:45.043 INFO [stderr]    Compiling natord v1.0.9
Nov 30 20:40:45.051 INFO [stderr]    Compiling ws2_32-sys v0.2.1
Nov 30 20:40:45.059 INFO [stderr]    Compiling num_cpus v1.8.0
Nov 30 20:40:47.455 INFO [stderr]    Compiling rand v0.3.20
Nov 30 20:40:47.567 INFO [stderr]    Compiling net2 v0.2.31
Nov 30 20:40:47.695 INFO [stderr]    Compiling iovec v0.1.1
Nov 30 20:40:48.635 INFO [stderr]    Compiling filetime v0.1.15
Nov 30 20:40:50.843 INFO [stderr]    Compiling inotify v0.3.0
Nov 30 20:40:50.991 INFO [stderr]    Compiling conduit-mime-types v0.7.3
Nov 30 20:40:58.272 INFO [stderr]    Compiling error v0.1.9
Nov 30 20:40:58.275 INFO [stderr]    Compiling nix v0.5.1
Nov 30 20:40:58.316 INFO [stderr]    Compiling walkdir v2.0.1
Nov 30 20:40:58.569 INFO [stderr]    Compiling bytes v0.4.6
Nov 30 20:40:58.603 INFO [stderr]    Compiling num-integer v0.1.35
Nov 30 20:40:58.643 INFO [stderr]    Compiling num-complex v0.1.41
Nov 30 20:40:59.635 INFO [stderr]    Compiling serde_json v1.0.9
Nov 30 20:40:59.723 INFO [stderr]    Compiling bincode v0.8.0
Nov 30 20:41:05.892 INFO [stderr]    Compiling mio v0.6.12
Nov 30 20:41:05.920 INFO [stderr]    Compiling url v1.6.0
Nov 30 20:41:06.024 INFO [stderr]    Compiling term-painter v0.2.4
Nov 30 20:41:06.971 INFO [stderr]    Compiling num-iter v0.1.34
Nov 30 20:41:07.964 INFO [stderr]    Compiling num-bigint v0.1.41
Nov 30 20:41:08.751 INFO [stderr]    Compiling miow v0.1.5
Nov 30 20:41:18.283 INFO [stderr]    Compiling hyper v0.10.13
Nov 30 20:41:18.359 INFO [stderr]    Compiling num-rational v0.1.40
Nov 30 20:41:19.430 INFO [stderr]    Compiling mio v0.5.1
Nov 30 20:41:20.379 INFO [stderr]    Compiling ws v0.7.3
Nov 30 20:41:22.559 INFO [stderr]    Compiling num v0.1.41
Nov 30 20:41:23.280 INFO [stderr]    Compiling notify v4.0.3
Nov 30 20:41:34.842 INFO [stderr]    Compiling iron v0.5.1
Nov 30 20:41:35.878 INFO [stderr]    Compiling mount v0.3.0
Nov 30 20:41:36.856 INFO [stderr]    Compiling staticfile v0.4.0
Nov 30 20:41:37.511 INFO [stderr]    Compiling eve v0.4.0 (/source)
Nov 30 20:41:38.451 INFO [stderr] error[E0554]: #![feature] may not be used on the beta release channel
Nov 30 20:41:38.451 INFO [stderr]  --> src/lib.rs:1:1
Nov 30 20:41:38.451 INFO [stderr]   |
Nov 30 20:41:38.451 INFO [stderr] 1 | #![feature(slice_patterns)]
Nov 30 20:41:38.451 INFO [stderr]   | ^^^^^^^^^^^^^^^^^^^^^^^^^^^
Nov 30 20:41:38.451 INFO [stderr] 
Nov 30 20:41:38.451 INFO [stderr] error[E0554]: #![feature] may not be used on the beta release channel
Nov 30 20:41:38.451 INFO [stderr]  --> src/lib.rs:2:1
Nov 30 20:41:38.452 INFO [stderr]   |
Nov 30 20:41:38.452 INFO [stderr] 2 | #![feature(box_patterns)]
Nov 30 20:41:38.452 INFO [stderr]   | ^^^^^^^^^^^^^^^^^^^^^^^^^
Nov 30 20:41:38.453 INFO [stderr] 
Nov 30 20:41:38.453 INFO [stderr] error[E0554]: #![feature] may not be used on the beta release channel
Nov 30 20:41:38.453 INFO [stderr]  --> src/lib.rs:3:1
Nov 30 20:41:38.453 INFO [stderr]   |
Nov 30 20:41:38.454 INFO [stderr] 3 | #![feature(vec_remove_item)]
Nov 30 20:41:38.454 INFO [stderr]   | ^^^^^^^^^^^^^^^^^^^^^^^^^^^^
Nov 30 20:41:38.454 INFO [stderr] 
Nov 30 20:41:38.454 INFO [stderr] error[E0554]: #![feature] may not be used on the beta release channel
Nov 30 20:41:38.454 INFO [stderr]  --> src/lib.rs:4:1
Nov 30 20:41:38.454 INFO [stderr]   |
Nov 30 20:41:38.454 INFO [stderr] 4 | #![feature(conservative_impl_trait)]
Nov 30 20:41:38.454 INFO [stderr]   | ^^^^^^^^^^^^^^^^^^^^^^^^^^^^^^^^^^^^
Nov 30 20:41:38.454 INFO [stderr] 
Nov 30 20:41:38.454 INFO [stderr] error[E0554]: #![feature] may not be used on the beta release channel
Nov 30 20:41:38.456 INFO [stderr]  --> src/lib.rs:5:1
Nov 30 20:41:38.456 INFO [stderr]   |
Nov 30 20:41:38.456 INFO [stderr] 5 | #![feature(slice_concat_ext)]
Nov 30 20:41:38.456 INFO [stderr]   | ^^^^^^^^^^^^^^^^^^^^^^^^^^^^^
Nov 30 20:41:38.456 INFO [stderr] 
Nov 30 20:41:38.485 INFO [stderr] error: aborting due to 5 previous errors
Nov 30 20:41:38.485 INFO [stderr] 
Nov 30 20:41:38.485 INFO [stderr] For more information about this error, try `rustc --explain E0554`.
Nov 30 20:41:38.504 INFO [stderr] error: Could not compile `eve`.
Nov 30 20:41:38.504 INFO [stderr] 
Nov 30 20:41:38.504 INFO [stderr] To learn more, run the command again with --verbose.
Nov 30 20:41:38.507 INFO [stderr] su: No module specific data is present
Nov 30 20:41:39.072 INFO running `"docker" "inspect" "c35f20657f955b2a7dd60eee91b039f0b0ed1fd527400fad88df8908a253d795"`
Nov 30 20:41:39.397 INFO running `"docker" "rm" "-f" "c35f20657f955b2a7dd60eee91b039f0b0ed1fd527400fad88df8908a253d795"`
Nov 30 20:41:39.728 INFO [stdout] c35f20657f955b2a7dd60eee91b039f0b0ed1fd527400fad88df8908a253d795
